et i be g(-9). Calculate the highest common divisor of 12 and i.
6
Suppose -h - 68 = -3*h. Let s = 32 - 29. Let y be s - 0 - (-25*2 + 2). What is the highest common factor of h and y?
17
Let c be (-3 + (-1 - (-48)/18))*-252. Calculate the greatest common factor of 1456 and c.
112
Suppose 4*u = 5*j - u + 280, -3*u - 12 = 0. Let d = j - -66. Suppose d*z - 4*z - 56 = 0. Calculate the greatest common factor of 84 and z.
28
Suppose -11*x + 22*x = -44. Let p be (11/(-3) - x)*156. Suppose -u = -4*u + 156. Calculate the greatest common factor of u and p.
52
Let d = 177 - -116. Suppose 14*h - 965 = -d. What is the greatest common factor of h and 3?
3
Let y be 3 - (-85 + 20 + -38). Calculate the greatest common factor of 5035 and y.
53
Let c(l) = -l**2 - 22*l + 241. Let t be c(-30). Calculate the highest common divisor of 563 and t.
1
Let k(v) = -4*v**2 - 2*v + 42. Let g(t) = 3*t**2 + 2*t - 21. Let y(n) = 5*g(n) + 2*k(n). Let l be y(7). What is the highest common divisor of l and 28?
28
Suppose a = 106*g - 105*g + 23, 2*g - 2 = 0. Calculate the highest common factor of a and 126.
6
Suppose 0 = -x - l + 344, 4*x + l = 1537 - 176. Suppose -4*g - 304 = -4*s, 8*g + x = 4*s + 11*g. What is the highest common divisor of s and 135?
27
Let c = 140 - 28. Suppose -x + 0*t + 3*t = -8, -5*x = 3*t - c. What is the greatest common divisor of x and 260?
20
Let o be 18 + (0 + -2)/1. Suppose d + 3*d - 20 = 0. Let j be (4/d)/(o/120). What is the greatest common divisor of 15 and j?
3
Let p = -63 + 66. Let z = 31 - 15. Let v = p + z. Calculate the greatest common factor of v and 133.
19
Suppose -3*v = 11*v - 28. Suppose 38*n - 15 = -k + 41*n, -4*n = -v*k + 22. Let u(o) = -o + 3. Let m be u(0). Calculate the greatest common divisor of m and k.
3
Suppose 61*u - 391 - 419 = 43*u. What is the greatest common divisor of 10305 and u?
45
Let l be ((15/(-5))/(9/742))/(190/(-1140)). Calculate the highest common factor of 224 and l.
28
Let i(d) = -90*d + 3269. Let b be i(34). Calculate the highest common divisor of 1056 and b.
11
Let u = -3636 - -3701. What is the greatest common divisor of u and 5668?
13
Let u(d) = 19*d - 112. Let r be u(44). Calculate the highest common divisor of 12 and r.
4
Let o = -2846 - -5108. Calculate the greatest common factor of o and 234.
78
Suppose -7*j - 1220 = -5*v - 6*j, -4*j = 3*v - 755. Let o = -1567 + 1707. Calculate the greatest common factor of o and v.
35
Let r be -1 + (6 + -4)*13. Let n = r + -19. Suppose 1 + n = b. What is the greatest common divisor of 28 and b?
7
Suppose h + 5 = -g + 46, 5*h = 2*g + 170. Let r = 54 + -1. Suppose -10*s + 173 = r. What is the greatest common factor of s and h?
12
Let l = -12738 + 14338. What is the highest common factor of l and 90?
10
Let l(v) = -43*v + 30. Let t be l(-8). Suppose 0 = 4*h - i + 5*i - 148, -4*i = -12. What is the greatest common factor of t and h?
34
Let k be (-2)/5 - (-68)/20. Let f = -40 + 42. Suppose -5*d = -f - 163. What is the greatest common factor of d and k?
3
Let z = 4201 - 4192. What is the highest common factor of z and 1125?
9
Suppose -2*d + 23492 = 2*b, -542*b - 5*d + 46984 = -538*b. What is the highest common divisor of b and 14?
14
Suppose 3*r - 156 = -3*v, 0 = -v + 2*r + 19 + 21. Suppose -4*q + z = -67 - 24, -2*q = 2*z - 58. What is the highest common factor of q and v?
24
Suppose -14*i - 5980 = -66*i. Suppose -i = 2*m - 235. Calculate the greatest common divisor of m and 9.
3
Let h = 3053 + -2912. What is the highest common divisor of h and 470?
47
Let a = 0 - -7. Let t(h) = 5*h + 7. Let s be t(a). Suppose 2*d - 567 + 653 = 3*k, k - 3*d = 31. Calculate the greatest common factor of s and k.
14
Suppose 18*z - 21*z - 94*z + 262288 = 0. What is the highest common divisor of z and 32?
16
Suppose -4*q = q - 20. Suppose -q*g + g = 168. Let b be (14/(-8))/(7/g). What is the greatest common factor of 56 and b?
14
Let f = 133 - 43. Let s be 1950/14 + (-2)/7 + -4. What is the highest common factor of s and f?
45
Let p = -6090 - -6132. Let x(n) = n + 7. Let h be x(-6). Let b be (h - 0)/(1/28). Calculate the highest common divisor of b and p.
14
Suppose -2*b = 5*w - 20 - 8, 2*w = b - 14. What is the highest common factor of 18 and b?
2
Let f = -19328 - -19542. What is the highest common factor of f and 12?
2
Let h be 227 + -4 + 1 - 8. Suppose -5*w - 5*f + h = -109, -5*w - 4*f + 327 = 0. Calculate the greatest common factor of w and 1273.
67
Let t be -15 + 162 - 5 - -2. What is the highest common factor of 1216 and t?
16
Let o(h) = h**3 + 21*h**2 - 84*h - 24. Let w be o(-24). What is the highest common factor of w and 96?
24
Let s = 9577 - 9038. Calculate the greatest common divisor of 264 and s.
11
Let q(z) = -15*z - 60. Let j be q(-7). Let y = -7 + -12. Let s be 1 + 0 + (-15 - y). Calculate the highest common divisor of j and s.
5
Suppose 0 = 5*i - 2*h - 65, 0 = -0*i - 2*i - 3*h + 7. Suppose 0 = -54*o + i*o + 3612. Calculate the greatest common factor of 63 and o.
21
Let z(j) = 27*j**3 - j**2 + 22*j - 123. Let h be z(5). Calculate the greatest common divisor of h and 47.
47
Let u = 4 - -27. Suppose -5*j = 60 + 25. Let g = j + u. Calculate the highest common divisor of g and 14.
14
Let u(b) = 27*b**3 + b**2 - b - 2. Let p be u(2). Suppose 0 = -6*t - 504 - 906. Let n = t + 259. Calculate the highest common divisor of p and n.
24
Let w = -3013 + 3078. Let u be 450/35 - (-2)/14. What is the highest common factor of w and u?
13
Suppose 20*d - 10344 - 4056 = 0. Calculate the highest common factor of d and 1040.
80
Let m be 222*((-13)/(546/24))/((-30)/35). Calculate the greatest common divisor of 33892 and m.
148
Let w(f) = 11*f**2 + 15*f - 5*f**2 - 7*f**2 + 0*f**2 - 9. Let x be w(12). Let b = x + -21. What is the highest common divisor of b and 12?
6
Let i be (4 - -5)*43/9*15. Let j = i - 551. Calculate the highest common divisor of j and 658.
94
Suppose 4794 + 2376 = 20*q - 5830. What is the greatest common divisor of 13 and q?
13
Let i(v) = -v**2 - 17*v - 4. Let j be i(-16). What is the greatest common factor of 20 and j?
4
Let v = -24 + 104. Let b = -2555 - -2575. What is the greatest common factor of b and v?
20
Let h = -41380 + 41955. Calculate the highest common factor of 3105 and h.
115
Let t = -45 + 73. Suppose 12*s - 4 = 10*s. Suppose p = -h + 311, 2*h - s*p - 628 = -6*p. Calculate the greatest common factor of t and h.
28
Suppose 0 = -38*t + 40*t - 316. Let k be 1 - 0 - (51 - t). Calculate the greatest common divisor of 351 and k.
27
Let m = -2146 - -3268. What is the highest common factor of m and 33?
33
Let w be -51 + 58 + (5 - 1). Let n(q) = -19*q + 3. Let s be n(-1). What is the highest common divisor of w and s?
11
Let d = -11580 - -11814. What is the greatest common factor of d and 1206?
18
Let a = -6048 - -7108. What is the greatest common divisor of 60 and a?
20
Let o(k) = -k**3 + 7*k**2 - k - 28. Let q be o(6). Suppose -q*c + 179 = -0*p + 3*p, 4*p + 4 = 0. Calculate the greatest common factor of c and 39.
13
Suppose 9235 = 3*q - 2*p, 55*q + 2*p - 3073 = 54*q. What is the highest common divisor of 34 and q?
17
Let b(m) = 15*m**2 + 789*m - 64. Let f be b(-53). Calculate the greatest common divisor of f and 2921.
127
Suppose 7 = 2*i + 3. Let b be 2/(-4) + 21/i. Suppose 14*k - 3*q = -2*q + 1124, -5*k - q = -396. What is the highest common divisor of b and k?
10
Let g be 36/28 + -1 + 3016/28. Suppose 0 = -v + g + 84. What is the greatest common divisor of v and 12?
12
Let r = 7076 - 6956. What is the greatest common divisor of r and 210?
30
Let h be (-3)/((-174)/4) - 162507/(-551). What is the highest common divisor of h and 59?
59
Let h = -13 - -24. Suppose u - 5*d = 73, 4*u - 4*d - 263 = 93. Let l = u - -6. What is the greatest common factor of l and h?
11
Let j(x) = -2*x**2 + 37*x - 257. Let s(t) = t**2 - 25*t + 171. Let y(l) = -5*j(l) - 8*s(l). Let g be y(-13). Calculate the highest common divisor of g and 40.
20
Let p = 34174 + -26015. What is the highest common factor of 164 and p?
41
Let o = -173 + 415. Suppose 21 = u + 4*c - 3*c, -4*u + 3*c + 91 = 0. Calculate the highest common divisor of o and u.
22
Suppose b = 4*x + 269, 5*b - 1420 = 4*x + x. Let l be (-1381 - -1365) + (33 - 0). What is the greatest common factor of l and b?
17
Let p = 5879 + -3029. Calculate th